{"version":"1.0","provider_name":"Hospital S\u00e3o Francisco de Americana","provider_url":"https:\/\/hsfamericana.com.br","author_name":"HSF Americana","author_url":"https:\/\/hsfamericana.com.br\/index.php\/author\/nogueira\/","title":"Saiba tudo sobre a Febre Amarela &#8226; Hospital S\u00e3o Francisco de Americana","type":"rich","width":600,"height":338,"html":"<blockquote class=\"wp-embedded-content\" data-secret=\"WIWvbQ22uV\"><a href=\"https:\/\/hsfamericana.com.br\/index.php\/saiba-tudo-sobre-a-febre-amarela\/\">Saiba tudo sobre a Febre Amarela<\/a><\/blockquote><iframe sandbox=\"allow-scripts\" security=\"restricted\" src=\"https:\/\/hsfamericana.com.br\/index.php\/saiba-tudo-sobre-a-febre-amarela\/embed\/#?secret=WIWvbQ22uV\" width=\"600\" height=\"338\" title=\"&#8220;Saiba tudo sobre a Febre Amarela&#8221; &#8212; Hospital S\u00e3o Francisco de Americana\" data-secret=\"WIWvbQ22uV\" frameborder=\"0\" marginwidth=\"0\" marginheight=\"0\" scrolling=\"no\" class=\"wp-embedded-content\"><\/iframe><script type=\"text\/javascript\">\n\/* <![CDATA[ *\/\n\/*! This file is auto-generated *\/\n!function(d,l){\"use strict\";l.querySelector&&d.addEventListener&&\"undefined\"!=typeof URL&&(d.wp=d.wp||{},d.wp.receiveEmbedMessage||(d.wp.receiveEmbedMessage=function(e){var t=e.data;if((t||t.secret||t.message||t.value)&&!\/[^a-zA-Z0-9]\/.test(t.secret)){for(var s,r,n,a=l.querySelectorAll('iframe[data-secret=\"'+t.secret+'\"]'),o=l.querySelectorAll('blockquote[data-secret=\"'+t.secret+'\"]'),c=new RegExp(\"^https?:$\",\"i\"),i=0;i<o.length;i++)o[i].style.display=\"none\";for(i=0;i<a.length;i++)s=a[i],e.source===s.contentWindow&&(s.removeAttribute(\"style\"),\"height\"===t.message?(1e3<(r=parseInt(t.value,10))?r=1e3:~~r<200&&(r=200),s.height=r):\"link\"===t.message&&(r=new URL(s.getAttribute(\"src\")),n=new URL(t.value),c.test(n.protocol))&&n.host===r.host&&l.activeElement===s&&(d.top.location.href=t.value))}},d.addEventListener(\"message\",d.wp.receiveEmbedMessage,!1),l.addEventListener(\"DOMContentLoaded\",function(){for(var e,t,s=l.querySelectorAll(\"iframe.wp-embedded-content\"),r=0;r<s.length;r++)(t=(e=s[r]).getAttribute(\"data-secret\"))||(t=Math.random().toString(36).substring(2,12),e.src+=\"#?secret=\"+t,e.setAttribute(\"data-secret\",t)),e.contentWindow.postMessage({message:\"ready\",secret:t},\"*\")},!1)))}(window,document);\n\/* ]]> *\/\n<\/script>\n","description":"O retorno da Febre Amarela colocou todo o pa\u00eds em alerta, principalmente o estado de S\u00e3o Paulo que foi classificado, em janeiro deste ano pela OMS (Organiza\u00e7\u00e3o Mundial da Sa\u00fade), como uma regi\u00e3o end\u00eamica em situa\u00e7\u00e3o de risco. Os \u00faltimos casos de epidemia urbana haviam sido detectados em 1942. A Febre Amarela \u00e9 uma doen\u00e7a [&hellip;]"}

Hospital São Francisco de Americana

Saiba tudo sobre a Febre Amarela &#8226; Hospital São Francisco de Americana

<blockquote class="wp-embedded-content" data-secret="WIWvbQ22uV"><a href="https://hsfamericana.com.br/index.php/saiba-tudo-sobre-a-febre-amarela/">Saiba tudo sobre a Febre Amarela</a></blockquote><iframe sandbox="allow-scripts" security="restricted" src="https://hsfamericana.com.br/index.php/saiba-tudo-sobre-a-febre-amarela/embed/#?secret=WIWvbQ22uV" width="600" height="338" title="&#8220;Saiba tudo sobre a Febre Amarela&#8221; &#8212; Hospital São Francisco de Americana" data-secret="WIWvbQ22uV" frameborder="0" marginwidth="0" marginheight="0" scrolling="no" class="wp-embedded-content"></iframe><script type="text/javascript">
/* <![CDATA[ */
/*! This file is auto-generated */
!function(d,l){"use strict";l.querySelector&&d.addEventListener&&"undefined"!=typeof URL&&(d.wp=d.wp||{},d.wp.receiveEmbedMessage||(d.wp.receiveEmbedMessage=function(e){var t=e.data;if((t||t.secret||t.message||t.value)&&!/[^a-zA-Z0-9]/.test(t.secret)){for(var s,r,n,a=l.querySelectorAll('iframe[data-secret="'+t.secret+'"]'),o=l.querySelectorAll('blockquote[data-secret="'+t.secret+'"]'),c=new RegExp("^https?:$","i"),i=0;i<o.length;i++)o[i].style.display="none";for(i=0;i<a.length;i++)s=a[i],e.source===s.contentWindow&&(s.removeAttribute("style"),"height"===t.message?(1e3<(r=parseInt(t.value,10))?r=1e3:~~r<200&&(r=200),s.height=r):"link"===t.message&&(r=new URL(s.getAttribute("src")),n=new URL(t.value),c.test(n.protocol))&&n.host===r.host&&l.activeElement===s&&(d.top.location.href=t.value))}},d.addEventListener("message",d.wp.receiveEmbedMessage,!1),l.addEventListener("DOMContentLoaded",function(){for(var e,t,s=l.querySelectorAll("iframe.wp-embedded-content"),r=0;r<s.length;r++)(t=(e=s[r]).getAttribute("data-secret"))||(t=Math.random().toString(36).substring(2,12),e.src+="#?secret="+t,e.setAttribute("data-secret",t)),e.contentWindow.postMessage({message:"ready",secret:t},"*")},!1)))}(window,document);
/* ]]> */
</script>

O retorno da Febre Amarela colocou todo o país em alerta, principalmente o estado de São Paulo que foi classificado, em janeiro deste ano pela OMS (Organização Mundial da Saúde), como uma região endêmica em situação de risco. Os últimos casos de epidemia urbana haviam sido detectados em 1942. A Febre Amarela é uma doença [&hellip;]
