{"id":739,"date":"2014-09-19T23:13:56","date_gmt":"2014-09-19T23:13:56","guid":{"rendered":"http:\/\/hsfamericana.com.br\/?page_id=739"},"modified":"2022-08-12T18:35:34","modified_gmt":"2022-08-12T18:35:34","slug":"horarios-de-atendimento","status":"publish","type":"page","link":"https:\/\/hsfamericana.com.br\/index.php\/horarios-de-atendimento\/","title":{"rendered":"Hor\u00e1rios de Atendimento"},"content":{"rendered":"<section class=\"dnd_section_dd \" style=\"\">\n\t\t\n\t\t<div class=\"dnd_section_content\"><div class=\"dnd_container\"><div class=\"dnd_column_dd_span6 col6\">\n<p><strong style=\"text-transform: uppercase; font-family: 'Neo Sans Pro';\">PARA INFORMA\u00c7\u00d5ES SOBRE <br \/>\n HOR\u00c1RIO DE VISITAS <br \/>\n <\/strong>LIGAR PARA 3475-9900 &#8211; RAMAL 2047<\/p>\n<p>&nbsp;<\/p>\n<p><strong>ATENDIMENTO NO AMBULAT\u00d3RIO (RECEP\u00c7\u00c3O)<\/strong><br \/>\n De segunda a sexta das 07h00 \u00e0s 17h00.<\/p>\n<p>&nbsp;<\/p>\n<p><strong>CURATIVOS E REMO\u00c7\u00c3O DE PONTOS NO AMBULAT\u00d3RIO<\/strong><br \/>\n De segunda a sexta: 07h00 \u00e0s 15h00\u00a0<br \/>\n Obs.: os curativos e remo\u00e7\u00e3o de pontos s\u00e3o realizados apenas com prescri\u00e7\u00e3o m\u00e9dica.<\/p>\n<\/div><div class=\"dnd_column_dd_span6 col6 last\">\n<p><strong style=\"text-transform: uppercase; font-family: 'Neo Sans Pro';\">AMBULAT\u00d3RIO (AGENDAMENTO PRESENCIAL E POR TELEFONE)<\/strong><br \/>\n De segunda a sexta: 07h00 \u00e0s 16h00.<\/p>\n<p>&nbsp;<\/p>\n<p><strong style=\"text-transform: uppercase; font-family: 'Neo Sans Pro';\">SAME &#8211; SALA DE ARQUIVOS\u00a0M\u00e9dicos EST\u00c1TICOS<\/strong><br \/>\n De segunda a sexta: 08h00 \u00e0s 17h00.<br \/>\n Telefone: 3475-9900 &#8211; ramais 2072 ou 2043.<\/p>\n<p>&nbsp;<\/p>\n<p><strong style=\"text-transform: uppercase; font-family: 'Neo Sans Pro';\">RETIRADA DE EXAMES NA DIGIMAX (RAIO-X)<\/strong><br \/>\n De segunda a sexta: 08h00 \u00e0s 17h00.<br \/>\n S\u00e1bados das 08h00 \u00e0s 11h00.<\/p>\n<\/div><\/div><\/div>\n\t\t\n\t\t\n\t<\/section>\n<p>&nbsp;<\/p>\n<p>&nbsp;<\/p>\n<div style=\"display: none;\">Hor\u00e1rio de atendimento<\/div>\n","protected":false},"excerpt":{"rendered":"<p>&nbsp; &nbsp; Hor\u00e1rio de atendimento<\/p>\n","protected":false},"author":2,"featured_media":0,"parent":0,"menu_order":0,"comment_status":"open","ping_status":"open","template":"padrao.php","meta":{"_acf_changed":false,"footnotes":""},"class_list":["post-739","page","type-page","status-publish","hentry"],"acf":[],"yoast_head":"<!-- This site is optimized with the Yoast SEO plugin v25.2 - https:\/\/yoast.com\/wordpress\/plugins\/seo\/ -->\n<title>Hor\u00e1rio de atendimento \u2022 Hospital S\u00e3o Francisco<\/title>\n<meta name=\"description\" content=\"Hor\u00e1rio de atendimento \u2022 Hospital S\u00e3o Francisco, HSF Americana, Hospital Americana, Americana, Hospital S\u00e3o Francisco, Banco de Sangue, Urologia, T\u00f3rax...\" \/>\n<meta name=\"robots\" content=\"index, follow, max-snippet:-1, max-image-preview:large, max-video-preview:-1\" \/>\n<link rel=\"canonical\" href=\"https:\/\/hsfamericana.com.br\/index.php\/horarios-de-atendimento\/\" \/>\n<meta property=\"og:locale\" content=\"pt_BR\" \/>\n<meta property=\"og:type\" content=\"article\" \/>\n<meta property=\"og:title\" content=\"Hor\u00e1rio de atendimento \u2022 Hospital S\u00e3o Francisco\" \/>\n<meta property=\"og:description\" content=\"Hor\u00e1rio de atendimento \u2022 Hospital S\u00e3o Francisco, HSF Americana, Hospital Americana, Americana, Hospital S\u00e3o Francisco, Banco de Sangue, Urologia, T\u00f3rax...\" \/>\n<meta property=\"og:url\" content=\"https:\/\/hsfamericana.com.br\/index.php\/horarios-de-atendimento\/\" \/>\n<meta property=\"og:site_name\" content=\"Hospital S\u00e3o Francisco de Americana\" \/>\n<meta property=\"article:modified_time\" content=\"2022-08-12T18:35:34+00:00\" \/>\n<meta name=\"twitter:label1\" content=\"Est. tempo de leitura\" \/>\n\t<meta name=\"twitter:data1\" content=\"1 minuto\" \/>\n<script type=\"application\/ld+json\" class=\"yoast-schema-graph\">{\"@context\":\"https:\/\/schema.org\",\"@graph\":[{\"@type\":\"WebPage\",\"@id\":\"https:\/\/hsfamericana.com.br\/index.php\/horarios-de-atendimento\/\",\"url\":\"https:\/\/hsfamericana.com.br\/index.php\/horarios-de-atendimento\/\",\"name\":\"Hor\u00e1rio de atendimento \u2022 Hospital S\u00e3o Francisco\",\"isPartOf\":{\"@id\":\"https:\/\/hsfamericana.com.br\/#website\"},\"datePublished\":\"2014-09-19T23:13:56+00:00\",\"dateModified\":\"2022-08-12T18:35:34+00:00\",\"description\":\"Hor\u00e1rio de atendimento \u2022 Hospital S\u00e3o Francisco, HSF Americana, Hospital Americana, Americana, Hospital S\u00e3o Francisco, Banco de Sangue, Urologia, T\u00f3rax...\",\"breadcrumb\":{\"@id\":\"https:\/\/hsfamericana.com.br\/index.php\/horarios-de-atendimento\/#breadcrumb\"},\"inLanguage\":\"pt-BR\",\"potentialAction\":[{\"@type\":\"ReadAction\",\"target\":[\"https:\/\/hsfamericana.com.br\/index.php\/horarios-de-atendimento\/\"]}]},{\"@type\":\"BreadcrumbList\",\"@id\":\"https:\/\/hsfamericana.com.br\/index.php\/horarios-de-atendimento\/#breadcrumb\",\"itemListElement\":[{\"@type\":\"ListItem\",\"position\":1,\"name\":\"In\u00edcio\",\"item\":\"https:\/\/hsfamericana.com.br\/\"},{\"@type\":\"ListItem\",\"position\":2,\"name\":\"Hor\u00e1rios de Atendimento\"}]},{\"@type\":\"WebSite\",\"@id\":\"https:\/\/hsfamericana.com.br\/#website\",\"url\":\"https:\/\/hsfamericana.com.br\/\",\"name\":\"Hospital S\u00e3o Francisco de Americana\",\"description\":\"O mais completo da regi\u00e3o de Campinas\",\"potentialAction\":[{\"@type\":\"SearchAction\",\"target\":{\"@type\":\"EntryPoint\",\"urlTemplate\":\"https:\/\/hsfamericana.com.br\/?s={search_term_string}\"},\"query-input\":{\"@type\":\"PropertyValueSpecification\",\"valueRequired\":true,\"valueName\":\"search_term_string\"}}],\"inLanguage\":\"pt-BR\"}]}<\/script>\n<!-- \/ Yoast SEO plugin. -->","yoast_head_json":{"title":"Hor\u00e1rio de atendimento \u2022 Hospital S\u00e3o Francisco","description":"Hor\u00e1rio de atendimento \u2022 Hospital S\u00e3o Francisco, HSF Americana, Hospital Americana, Americana, Hospital S\u00e3o Francisco, Banco de Sangue, Urologia, T\u00f3rax...","robots":{"index":"index","follow":"follow","max-snippet":"max-snippet:-1","max-image-preview":"max-image-preview:large","max-video-preview":"max-video-preview:-1"},"canonical":"https:\/\/hsfamericana.com.br\/index.php\/horarios-de-atendimento\/","og_locale":"pt_BR","og_type":"article","og_title":"Hor\u00e1rio de atendimento \u2022 Hospital S\u00e3o Francisco","og_description":"Hor\u00e1rio de atendimento \u2022 Hospital S\u00e3o Francisco, HSF Americana, Hospital Americana, Americana, Hospital S\u00e3o Francisco, Banco de Sangue, Urologia, T\u00f3rax...","og_url":"https:\/\/hsfamericana.com.br\/index.php\/horarios-de-atendimento\/","og_site_name":"Hospital S\u00e3o Francisco de Americana","article_modified_time":"2022-08-12T18:35:34+00:00","twitter_misc":{"Est. tempo de leitura":"1 minuto"},"schema":{"@context":"https:\/\/schema.org","@graph":[{"@type":"WebPage","@id":"https:\/\/hsfamericana.com.br\/index.php\/horarios-de-atendimento\/","url":"https:\/\/hsfamericana.com.br\/index.php\/horarios-de-atendimento\/","name":"Hor\u00e1rio de atendimento \u2022 Hospital S\u00e3o Francisco","isPartOf":{"@id":"https:\/\/hsfamericana.com.br\/#website"},"datePublished":"2014-09-19T23:13:56+00:00","dateModified":"2022-08-12T18:35:34+00:00","description":"Hor\u00e1rio de atendimento \u2022 Hospital S\u00e3o Francisco, HSF Americana, Hospital Americana, Americana, Hospital S\u00e3o Francisco, Banco de Sangue, Urologia, T\u00f3rax...","breadcrumb":{"@id":"https:\/\/hsfamericana.com.br\/index.php\/horarios-de-atendimento\/#breadcrumb"},"inLanguage":"pt-BR","potentialAction":[{"@type":"ReadAction","target":["https:\/\/hsfamericana.com.br\/index.php\/horarios-de-atendimento\/"]}]},{"@type":"BreadcrumbList","@id":"https:\/\/hsfamericana.com.br\/index.php\/horarios-de-atendimento\/#breadcrumb","itemListElement":[{"@type":"ListItem","position":1,"name":"In\u00edcio","item":"https:\/\/hsfamericana.com.br\/"},{"@type":"ListItem","position":2,"name":"Hor\u00e1rios de Atendimento"}]},{"@type":"WebSite","@id":"https:\/\/hsfamericana.com.br\/#website","url":"https:\/\/hsfamericana.com.br\/","name":"Hospital S\u00e3o Francisco de Americana","description":"O mais completo da regi\u00e3o de Campinas","potentialAction":[{"@type":"SearchAction","target":{"@type":"EntryPoint","urlTemplate":"https:\/\/hsfamericana.com.br\/?s={search_term_string}"},"query-input":{"@type":"PropertyValueSpecification","valueRequired":true,"valueName":"search_term_string"}}],"inLanguage":"pt-BR"}]}},"_links":{"self":[{"href":"https:\/\/hsfamericana.com.br\/index.php\/wp-json\/wp\/v2\/pages\/739","targetHints":{"allow":["GET"]}}],"collection":[{"href":"https:\/\/hsfamericana.com.br\/index.php\/wp-json\/wp\/v2\/pages"}],"about":[{"href":"https:\/\/hsfamericana.com.br\/index.php\/wp-json\/wp\/v2\/types\/page"}],"author":[{"embeddable":true,"href":"https:\/\/hsfamericana.com.br\/index.php\/wp-json\/wp\/v2\/users\/2"}],"replies":[{"embeddable":true,"href":"https:\/\/hsfamericana.com.br\/index.php\/wp-json\/wp\/v2\/comments?post=739"}],"version-history":[{"count":23,"href":"https:\/\/hsfamericana.com.br\/index.php\/wp-json\/wp\/v2\/pages\/739\/revisions"}],"predecessor-version":[{"id":4115,"href":"https:\/\/hsfamericana.com.br\/index.php\/wp-json\/wp\/v2\/pages\/739\/revisions\/4115"}],"wp:attachment":[{"href":"https:\/\/hsfamericana.com.br\/index.php\/wp-json\/wp\/v2\/media?parent=739"}],"curies":[{"name":"wp","href":"https:\/\/api.w.org\/{rel}","templated":true}]}}